me?
True
Is 4508453 prime?
False
Is 56801281 a composite number?
False
Is 2012041 a prime number?
False
Is 34861787 a prime number?
True
Is 10363058 composite?
True
Is 14770477 composite?
True
Is 215641 a composite number?
True
Is 94891189 composite?
True
Is 48028823 composite?
False
Is 9097883 a composite number?
False
Is 845069 composite?
False
Is 41577 composite?
True
Is 4177309 composite?
False
Is 1853353 a composite number?
True
Is 4080589 prime?
True
Is 3592723 composite?
True
Is 51491933 prime?
True
Is 1046951 composite?
False
Is 233735303 prime?
True
Is 1179313 a prime number?
False
Is 73054055 a composite number?
True
Is 98740001 composite?
False
Is 6038993 composite?
True
Is 532553 a prime number?
False
Is 21109549 a composite number?
False
Is 643904659 composite?
False
Is 547111 prime?
False
Is 28055369 prime?
False
Is 526271 prime?
True
Is 720659473 a composite number?
False
Is 120306541 composite?
True
Is 1762843 a prime number?
True
Is 123890066 composite?
True
Is 195777677 prime?
False
Is 396133 a prime number?
False
Is 692731369 composite?
True
Is 2814683 composite?
False
Is 857809 composite?
False
Is 20986331 composite?
True
Is 33077959 a prime number?
True
Is 36311999 a composite number?
True
Is 4272122 composite?
True
Is 653698009 a prime number?
False
Is 27944669 a prime number?
False
Is 36315715 composite?
True
Is 272209681 prime?
True
Is 180878153 prime?
True
Is 6182549 a prime number?
True
Is 12251 a composite number?
False
Is 38630671 a composite number?
False
Is 3523141 composite?
False
Is 2729861 prime?
True
Is 74837933 prime?
True
Is 12192653 prime?
False
Is 1456267 prime?
True
Is 187001443 a composite number?
False
Is 309590653 prime?
True
Is 3896569 composite?
False
Is 402823 composite?
False
Is 97859551 a prime number?
True
Is 237132959 composite?
True
Is 314185507 composite?
True
Is 28464629 a composite number?
False
Is 5013941 a prime number?
False
Is 3380857 composite?
False
Is 19619323 a composite number?
False
Is 4787371 prime?
True
Is 5089031 a prime number?
True
Is 4009507 a composite number?
False
Is 20970998 prime?
False
Is 43307477 composite?
True
Is 120655679 prime?
True
Is 78251777 composite?
False
Is 4813511 prime?
True
Is 261636803 a prime number?
True
Is 362039 prime?
False
Is 81219707 composite?
False
Is 69632317 a prime number?
True
Is 22690907 a composite number?
True
Is 1171603 composite?
True
Is 100893941 composite?
False
Is 62354 a prime number?
False
Is 2856961 a prime number?
True
Is 212419 prime?
True
Is 28365019 a composite number?
False
Is 1853641 a composite number?
False
Is 61404919 prime?
False
Is 663662429 prime?
False
Is 25889573 prime?
False
Is 292432081 a prime number?
True
Is 233373949 a prime number?
False
Is 1778101 composite?
True
Is 4338289 a prime number?
False
Is 3589567 a prime number?
False
Is 324673 prime?
True
Is 1594963 prime?
False
Is 13673623 a prime number?
False
Is 13788277 a composite number?
True
Is 581182433 a prime number?
False
Is 124685459 a prime number?
False
Is 232362941 a composite number?
True
Is 38172499 a composite number?
False
Is 72792913 a composite number?
False
Is 2867629 composite?
False
Is 5578981 a composite number?
True
Is 11658623 a composite number?
False
Is 111533941 prime?
True
Is 30130819 composite?
True
Is 7247249 a prime number?
True
Is 7659787 a prime number?
True
Is 382427 composite?
False
Is 144558805 a composite number?
True
Is 8085277 prime?
False
Is 698606 a prime number?
False
Is 1387069 a prime number?
True
Is 16455859 a prime number?
False
Is 269364421 a prime number?
False
Is 733793 a composite number?
False
Is 1723637 a prime number?
True
Is 29257418 a prime number?
False
Is 27194155 a composite number?
True
Is 11145553 composite?
True
Is 3113611 a composite number?
False
Is 149195513 a prime number?
True
Is 990019 prime?
False
Is 2752199 a prime number?
True
Is 1413143 prime?
False
Is 1791077 prime?
True
Is 384272627 a composite number?
False
Is 1152397 a composite number?
False
Is 330436229 prime?
False
Is 2608217 prime?
False
Is 4612823 prime?
False
Is 1108750441 a prime number?
False
Is 3550593 composite?
True
Is 1104241 a composite number?
False
Is 15304507 prime?
True
Is 84803515 composite?
True
Is 5962063 composite?
False
Is 21129403 composite?
False
Is 2717497 composite?
False
Is 136037989 a composite number?
False
Is 985867 a composite number?
False
Is 4720933 composite?
True
Is 3387911 a composite number?
False
Is 4918757 a prime number?
False
Is 36037 composite?
False
Is 7354199 a composite number?
False
Is 254174339 prime?
False
Is 2810779 prime?
False
Is 22367623 composite?
False
Is 2084441 a composite number?
False
Is 2102011 composite?
True
Is 164178031 a composite number?
True
Is 67767958 a composite number?
True
Is 11991029 a composite number?
True
Is 999491 a prime number?
True
Is 4375841 a prime number?
False
Is 1894577 prime?
True
Is 1382279 composite?
False
Is 359629 composite?
True
Is 3484931 a prime number?
True
Is 10476023 a prime number?
False
Is 17759701 a prime number?
True
Is 1427287 composite?
True
Is 2556097 prime?
False
Is 116478221 a composite number?
False
Is 45749533 a prime number?
False
Is 577427533 a composite number?
True
Is 287786969 composite?
True
Is 897517 prime?
True
Is 17601293 a composite number?
True
Is 10649711 a composite number?
False
Is 16198873 prime?
True
Is 317357611 composite?
True
Is 8900383 prime?
True
Is 845941 prime?
True
Is 1997467 a prime number?
True
Is 3032669 composite?
False
Is 5464003 a composite number?
False
Is 58164839 a composite number?
False
Is 1269841 a prime number?
False
Is 2150342 prime?
False
Is 16450099 prime?
True
Is 78820705 prime?
False
Is 748589 composite?
False
Is 1866827 composite?
False
Is 4216789 composite?
True
Is 5102821 a prime number?
True
Is 6695077 composite?
True
Is 308479 a composite number?
True
Is 31380653 a prime number?
True
Is 6162283 a composite number?
False
Is 10119163 a composite number?
False
Is 72258257 composite?
False
Is 293399 a composite number?
False
Is 998251 a prime number?
False
Is 62767303 a composite number?
False
Is 27153703 a prime number?
True
Is 396743 prime?
False
Is 7195043 a composite number?
True
Is 3381629 a composite number?
True
Is 11064839 a prime number?
True
Is 63827773 a composite number?
False
Is 24323219 composite?
False
Is 11111279 a composite number?
True
Is 246294689 a composite number?
True
Is 36848101 a prime number?
False
Is 1189274 a prime number?
False
Is 78780361 prime?
False
Is 34790929 a composite number?
False
Is 1476857 a prime number?
True
Is 244329661 prime?
False
Is 18576287 prime?
True
Is 118179298 a composite number?
True
Is 47727821 prime?
True
Is 3768599 prime?
True
Is 645140185 a prime number?
False
Is 5828579 a composite number?
True
Is 87013427 composite?
True
Is 1285933 prime?
False
Is 23629979 a prime number?
True
Is 2841445 prime?
False
Is 13371569 a composite number?
False
Is 5425831 a composite number?
False
Is 1450207 composite?
True
Is 52558889 a composite number?
False
Is 10418777 a prime number?
True
Is 439267183 prime?
True
Is 2988247 composite?
True
Is 952953 composite?
True
Is 1985 composite?
True
Is 2096303 a composite number?
True
Is 4937113 composite?
False
Is 11797801 a composite number?
False
Is 279131 a prime number?
True
Is 345545 a composite number?
True
Is 444647 prime?
False
Is 45747509 a composite number?
False
Is 37792949 a composite number?
False
Is 3034289 a prime number?
True
Is 3644131 a prime number?
False
Is 2496973 composite?
False
Is 74367173 composite?
True
Is 27265237 prime?
True
Is 76631309 a prime number?
True
Is 427913413 a composite number?
True
Is 68821829 prime?
False
Is 30294723 composite?
True
Is 249668871 a prime number?
False
Is 6208303 prime?
True
Is 16239935 a composite number?
True
Is 44632721 a prime number?
False
Is 6641399 a composite number?
False
Is 214147705 a composite number?
True
Is 861422921 composite?
True
Is 12087571 composite?
False
Is 444771491 prime?
True
Is 445738971 a composite number?
True
Is 3058787 prime?
True
Is 200923747 prime?
True
Is 38718377 a prime number?
True
Is 370935689 a composite number?
True
Is 21512247 a composite number?
True
Is 956069639 prime?
False
Is 44750201 a composite number?
False
I